pose 3*w + 4*a = 14, -5*w = -3*w + 3*a - 10. Let x be (w + -40)*(-2)/(-1). Let r = -42 - x. What is the units digit of r?
4
Suppose 4*i + 4*p = 3*i + 12, -5*p + 32 = -3*i. Let n(t) = -2*t**3 - 3*t**2 - 8*t - 14. What is the units digit of n(i)?
8
Let j(q) = 14*q**2 + 2*q + 4*q**3 - 2*q**3 - 3*q**3 - 24. What is the units digit of j(14)?
4
Let k = -49 - -197. What is the hundreds digit of k?
1
Suppose -2*f = -932 + 528. What is the units digit of f?
2
Let r(d) = -d**2 + 14*d + 2. Let m be r(14). What is the units digit of 7*m*9/((-45)/(-20))?
6
Let k be 12 + -12 - 34*-4. Suppose -5*u + 36 = k. Let i = u + 21. What is the units digit of i?
1
Let w(v) = v**3 + 23*v**2 + 40*v + 3. What is the units digit of w(-17)?
7
Suppose -3*p - 4*f + 1584 = 0, -3*f - 980 - 93 = -2*p. What is the units digit of p?
2
Suppose 0 = 3*j - 8*j + 25. Let i(g) = -g**3 + 7*g + 0*g**2 + 10*g + 3 - 11*g + 4*g**2. What is the units digit of i(j)?
8
Suppose 4*g - 4 = -3*l + 7*l, -3*g = 5*l - 43. What is the units digit of 20/(-3)*(36/g - 9)?
0
Let b(o) = -41*o - 27. What is the units digit of b(-11)?
4
Let r = -1790 + 2797. What is the thousands digit of r?
1
Let z(k) = k**3 + 11*k**2 - 12*k + 2. Let a be z(-12). Let l(f) = 15*f**2 + 5*f - 2. What is the units digit of l(a)?
8
Let w be 29/(-5) + 2/(-10). Let s be (-3)/(-9) - 58/w. Let c(g) = -g**3 + 9*g**2 + 12*g + 1. What is the units digit of c(s)?
1
Let j = 30 + -97. Let i = j - -157. What is the units digit of i?
0
Suppose 5*d - 2*r = 2*r + 780, 2*r - 170 = -d. Suppose 2*t + 33 = 41, 3*h - 5*t = 679. Let k = h - d. What is the units digit of k?
3
Suppose -4890 = j - 6*j - 3*b, -3*b + 3915 = 4*j. What is the tens digit of j?
7
Let b be ((-116)/(-6))/(5/15). Suppose r - 87 = -4*x, 0 = r + 3*x + b - 141. What is the units digit of r?
1
Suppose 2*d + d + 30 = 0. Suppose -l = -4 - 18. Let m = l + d. What is the units digit of m?
2
Let y be (3 - (-10)/(-4))*2. What is the units digit of (57 + (-12)/3)*y?
3
Suppose 2*k = 5*u - 4578, 0 = 4*u + 4*k - 2402 - 1266. What is the tens digit of u?
1
Let b be (-82)/3 + (-6)/9. Let p = b - -26. What is the units digit of (-1)/p - 25/(-2)?
3
Suppose -2 + 0 = 2*u + 4*d, u = -3*d - 3. Suppose -3 = u*o + 6, -3*m - 5*o = -120. What is the tens digit of m?
4
Suppose -35 = 2*s + 4*d - 283, 5*s = -4*d + 650. Suppose -p + 5 = 0, -z + s = -2*p - 36. Suppose z = 3*n + 48. What is the units digit of n?
4
Let o(k) = -k + 17. Let g = -5 + 16. What is the units digit of o(g)?
6
Let l = -27 + 24. What is the tens digit of 112/12 - 2/l?
1
Let p(l) = -3*l + 16. Let u(h) = -2*h - 3. Let x(f) = p(f) - 2*u(f). Suppose -k = -11 + 2. What is the tens digit of x(k)?
3
Let h(j) = j**2 + 2*j - 1. Let g(q) = q - 1. Let m(a) = -6*g(a) + 3*h(a). Let d = -91 + 89. What is the units digit of m(d)?
5
Let j = -9 - -19. Suppose q - j = -q. Suppose -q*f + 73 = -152. What is the tens digit of f?
4
Let n(j) = -8*j**2 - 222*j + 23. What is the thousands digit of n(-14)?
1
Suppose 5*b + 10 = 0, -5*b = w - 7*b - 7. Suppose 0 = -2*h + w*g + 380, 10*g = -3*h + 7*g + 600. What is the units digit of h?
6
Suppose -2*l - 2*w + 124 = 0, w - 5*w - 248 = -4*l. Suppose l + 52 = 2*i. What is the tens digit of i?
5
Let r(y) = -6*y - 122. Let f(q) = -19*q - 365. Let x(g) = -3*f(g) + 8*r(g). What is the hundreds digit of x(0)?
1
Let l(n) = -2 - 13*n - 1 - 3 + 5. Let x be -2*(-1)/4*-2. What is the tens digit of l(x)?
1
Let m = 811 + 1009. What is the thousands digit of m?
1
Let n be 3*1 - 0*(-7)/49. What is the tens digit of ((-2)/n)/((-6428)/1284 - -5)?
0
Let w = 45 + 10. Suppose z = -0*z + 5. Suppose w + z = 5*u. What is the tens digit of u?
1
Let r(y) = 305*y**2 + 3*y - 9. What is the thousands digit of r(2)?
1
Let x(y) = -y**2 - 2*y + 48. Suppose -5*o - 2*a - 6 = 0, -3*o + 2*o = 3*a + 9. Suppose 4*t - 2*s - 4 = o, t - s + 2 = -2*s. What is the units digit of x(t)?
8
Let v(g) = g**3 - 2*g**2 - 4*g + 2. Suppose -1 = b + 3*z, 3*z - 7 = -2*b + 6*z. Let k be b/9 + (-204)/(-54). What is the tens digit of v(k)?
1
Let w = 15 - 15. Suppose -d + w*d = -2. What is the units digit of d?
2
What is the thousands digit of 2580 + -8 + 6 + -11?
2
What is the thousands digit of 5 + 63264/12 + -7?
5
What is the tens digit of ((-116)/(-28) + 1)/((-6)/(-462))?
9
Let v = 4 + 0. Suppose v*w = 328 - 16. What is the tens digit of w/15*(-15)/(-6)?
1
Let v(c) = 12*c**2 - c + 19. What is the hundreds digit of v(3)?
1
Suppose -2*r = -10*r + 472. Suppose 0 = 6*m - 481 - r. What is the units digit of m?
0
Suppose 0 = -3*w - 9, -91*v + 94*v = 4*w + 2673. What is the units digit of v?
7
Suppose 333 = d + 4*z, 0 = -0*d + 2*d + 5*z - 651. Suppose 395 = 5*a - 5*u, u - 2*u - d = -4*a. What is the tens digit of a?
7
Suppose a - 15 + 3 = 0. Suppose a*y + 3 = 13*y. Suppose 2*n = -y*q + 4*q + 127, 128 = 2*n - 2*q. What is the tens digit of n?
6
Let v(n) = 2*n**2 + 6*n - 10. Suppose 7 - 31 = 4*q. Let g be v(q). Let i = -16 + g. What is the units digit of i?
0
Suppose -8 - 4 = 2*d. Let z be (3/d)/(1/(-6)). Suppose z*a - 89 = -29. What is the tens digit of a?
2
Let n(z) be the third derivative of z**6/360 + z**5/40 - z**4/3 + z**3/6 - 7*z**2. Let r(f) be the first derivative of n(f). What is the units digit of r(-7)?
0
Suppose -20*m + 204 = -16. What is the units digit of m/22 + (-81)/(-2)?
1
Suppose -4*p = -3*s - 8*p + 7771, -5*s - 4*p + 12965 = 0. What is the hundreds digit of s?
5
Suppose -1004*y = -1014*y + 20740. What is the thousands digit of y?
2
Suppose 4*q + 5*h = 6*q - 443, 3*h - 9 = 0. What is the tens digit of q?
2
Suppose 7*r - 12*r = -20. Suppose 0*n = -r*n. Suppose 5*p - p - 88 = n. What is the units digit of p?
2
Let x be 1/(1/2*-1) - -22. What is the tens digit of (x/(-10))/(-2*2/330)?
6
Let n = -26 - -28. Let g(r) = 5 - 7 + 8*r**2 - n*r**2 - 3*r - r**3. What is the units digit of g(5)?
8
Let k = -12 + 34. Suppose -k = d + 4*o, 0 = 2*d - o + 1 - 2. What is the units digit of -19*(d - 0)/2?
9
Let u be (-2)/9 - 156/27. Let y = u - -12. What is the tens digit of -8 + y + 33/1?
3
Suppose k + 2*k = 15. Suppose k*q = 60 + 15. What is the tens digit of q?
1
Suppose 0 = 3*k - 6, 4*f - 5*k - 7190 = 5624. What is the units digit of f?
6
Let s(z) = z**2 - 10*z + 24. Let j be s(8). Suppose 368 = -0*w + j*w. What is the tens digit of w?
4
Suppose -20*k + 10111 = -50269. What is the units digit of k?
9
Suppose 15 = 6*m - 7*m. Let f = 23 + m. Suppose 5*a + f = 6*a. What is the units digit of a?
8
Let k be (-6 - -10) + -4 + 0. Suppose 294 = 3*n - k*n. What is the tens digit of n?
9
Suppose 3*k + 5*x = -9, 3*k - 5*x - 9 = 12. Let f = -4 - -5. Suppose -f = s - 5*r - k, -s = -3*r - 1. What is the units digit of s?
1
Let z be (-2 + 7)*(-8)/(-10). What is the tens digit of (-1 - -1*z)*(-1147)/(-37)?
9
Let h(z) = -5*z**3 - 68*z**2 - z + 62. What is the thousands digit of h(-15)?
1
Suppose 32 = -0*s + 2*s. Let x be (-9)/(-27) - s/(-6). Suppose x*d = -2*d + 140. What is the units digit of d?
8
Let k(a) = 3*a**2 + 11*a - 219. What is the tens digit of k(24)?
7
Suppose -22 = 5*k - 62. Suppose -k*u = -5*u - 105. What is the units digit of u?
5
Let c = 88 + -60. Suppose c = h + 5*y - 168, -3*y = 3*h - 552. What is the tens digit of h?
8
Suppose -6*i = -i + 45. Let z be 4/(-12) + (-759)/i. Let g = z + -45. What is the units digit of g?
9
Let a(r) be the first derivative of -7/2*r**2 + 0*r + 2. What is the tens digit of a(-3)?
2
Let p = 917 + 650. What is the tens digit of p?
6
Suppose -13341 = -15*a + 10914. What is the hundreds digit of a?
6
Suppose 0 = -6*n + 3*n + 24. Let p be 918/n - 6/8. Suppose 42 - p = -4*y. What is the units digit of y?
8
Suppose 92 - 487 = -5*f. What is the tens digit of f?
7
Suppose 13 = 2*l - 7. Let b be (-126)/l + 21/35. Let n = b - -21. What is the units digit of n?
9
Suppose 0 = 5*y - 3*y - 1140. What is the tens digit of y?
7
Let s(h) = h - 2. Let t be s(6). Suppose 3*i - 2*c - 2 = 0, -3 = 2*i - 5*c + 3. Suppose i - 14 = -t*w. What is the units digit of w?
3
What is the units digit of 1*8/10*1815/6?
2
Let n(o) = 373*o - 3. Let s be n(3). Let j be (-2)/(-7) + s/(-84). Let d = j + 20. What is the units digit of d?
7
Let n(m) = -265*m - 6. What is the units digit of n(-1)?
9
Let h(t) = 38*t - 122. What is the hundreds digit of h(12)?
3
Suppose 0 = 4*u - u. S